git of 449550?
9
What is the thousands digit of 348747?
8
What is the ten thousands digit of 9875488?
7
What is the units digit of 685746?
6
What is the units digit of 87908?
8
What is the ten thousands digit of 255560?
5
What is the units digit of 9815896?
6
What is the ten thousands digit of 212547?
1
What is the hundreds digit of 437469?
4
What is the hundred thousands digit of 4982272?
9
What is the hundreds digit of 22476157?
1
What is the hundreds digit of 310447?
4
What is the tens digit of 12506578?
7
What is the tens digit of 9982187?
8
What is the units digit of 707350?
0
What is the thousands digit of 70648?
0
What is the units digit of 187600?
0
What is the millions digit of 2293962?
2
What is the millions digit of 2969431?
2
What is the tens digit of 1373807?
0
What is the hundreds digit of 6549320?
3
What is the tens digit of 628002?
0
What is the hundred thousands digit of 370672?
3
What is the ten thousands digit of 107466?
0
What is the hundreds digit of 1504223?
2
What is the ten thousands digit of 226596?
2
What is the units digit of 38477?
7
What is the hundreds digit of 521828?
8
What is the millions digit of 3665519?
3
What is the tens digit of 232682?
8
What is the ten millions digit of 13762564?
1
What is the hundred thousands digit of 213724?
2
What is the thousands digit of 826193?
6
What is the units digit of 1264931?
1
What is the units digit of 396445?
5
What is the hundred thousands digit of 125145?
1
What is the hundreds digit of 17399211?
2
What is the tens digit of 152410?
1
What is the units digit of 44815?
5
What is the tens digit of 17798?
9
What is the ten thousands digit of 1122556?
2
What is the ten thousands digit of 8096144?
9
What is the ten millions digit of 20623211?
2
What is the ten thousands digit of 129277?
2
What is the tens digit of 865155?
5
What is the tens digit of 25364457?
5
What is the ten thousands digit of 83027?
8
What is the millions digit of 1633148?
1
What is the tens digit of 9845353?
5
What is the units digit of 366185?
5
What is the thousands digit of 175349?
5
What is the units digit of 48950?
0
What is the tens digit of 2504662?
6
What is the units digit of 8240514?
4
What is the ten thousands digit of 387236?
8
What is the hundred thousands digit of 2826615?
8
What is the tens digit of 190660?
6
What is the ten thousands digit of 63705?
6
What is the hundred thousands digit of 244519?
2
What is the millions digit of 1700062?
1
What is the units digit of 175328?
8
What is the tens digit of 1222312?
1
What is the hundred thousands digit of 325909?
3
What is the ten thousands digit of 2455776?
5
What is the hundred thousands digit of 17300350?
3
What is the thousands digit of 1483607?
3
What is the ten thousands digit of 6059711?
5
What is the hundred thousands digit of 136278?
1
What is the ten millions digit of 19178231?
1
What is the hundreds digit of 663904?
9
What is the ten thousands digit of 79096?
7
What is the hundred thousands digit of 3931415?
9
What is the tens digit of 5111325?
2
What is the thousands digit of 391623?
1
What is the hundreds digit of 1138789?
7
What is the hundred thousands digit of 8692298?
6
What is the units digit of 1122116?
6
What is the units digit of 4225668?
8
What is the tens digit of 42355?
5
What is the hundreds digit of 1481402?
4
What is the units digit of 678313?
3
What is the units digit of 143821?
1
What is the hundred thousands digit of 1572335?
5
What is the hundreds digit of 907210?
2
What is the units digit of 19025?
5
What is the units digit of 197066?
6
What is the thousands digit of 304357?
4
What is the tens digit of 301455?
5
What is the units digit of 15583402?
2
What is the hundred thousands digit of 5862984?
8
What is the ten thousands digit of 242229?
4
What is the hundred thousands digit of 2853551?
8
What is the tens digit of 605055?
5
What is the ten thousands digit of 9163493?
6
What is the hundred thousands digit of 4733158?
7
What is the thousands digit of 35119?
5
What is the hundreds digit of 3645469?
4
What is the ten thousands digit of 3601286?
0
What is the hundreds digit of 648811?
8
What is the ten thousands digit of 1028485?
2
What is the millions digit of 12248481?
2
What is the ten millions digit of 27129908?
2
What is the hundreds digit of 52864?
8
What is the thousands digit of 3899611?
9
What is the ten thousands digit of 17450568?
5
What is the tens digit of 3020441?
4
What is the hundred thousands digit of 101655?
1
What is the thousands digit of 258481?
8
What is the thousands digit of 5431674?
1
What is the ten thousands digit of 126713?
2
What is the tens digit of 14283561?
6
What is the hundreds digit of 21554209?
2
What is the hundreds digit of 3425364?
3
What is the hundred thousands digit of 34473472?
4
What is the tens digit of 1049459?
5
What is the units digit of 421086?
6
What is the ten thousands digit of 36267?
3
What is the hundred thousands digit of 11141600?
1
What is the thousands digit of 458635?
8
What is the hundreds digit of 7556902?
9
What is the hundred thousands digit of 1725910?
7
What is the hundreds digit of 69720?
7
What is the thousands digit of 1883542?
3
What is the hundred thousands digit of 5578411?
5
What is the tens digit of 2438765?
6
What is the millions digit of 4858546?
4
What is the ten thousands digit of 403901?
0
What is the units digit of 288863?
3
What is the tens digit of 985369?
6
What is the hundreds digit of 289834?
8
What is the ten thousands digit of 217053?
1
What is the hundreds digit of 291385?
3
What is the hundred thousands digit of 1446246?
4
What is the hundred thousands digit of 6747644?
7
What is the thousands digit of 1670625?
0
What is the thousands digit of 236077?
6
What is the thousands digit of 16454413?
4
What is the ten thousands digit of 149719?
4
What is the ten thousands digit of 62630?
6
What is the tens digit of 33807?
0
What is the units digit of 6972213?
3
What is the hundreds digit of 2218461?
4
What is the hundred thousands digit of 931907?
9
What is the thousands digit of 2776001?
6
What is the millions digit of 13691308?
3
What is the units digit of 298456?
6
What is the ten thousands digit of 237613?
3
What is the thousands digit of 5738986?
8
What is the thousands digit of 447863?
7
What is the millions digit of 2797763?
2
What is the units digit of 4690265?
5
What is the ten thousands digit of 346990?
4
What is the tens digit of 166787?
8
What is the units digit of 33018?
8
What is the hundred thousands digit of 3268449?
2
What is the tens digit of 3618777?
7
What is the hundred thousands digit of 2221464?
2
What is the ten thousands digit of 8682380?
8
What is the units digit of 6046773?
3
What is the hundred thousands digit of 319830?
3
What is the tens digit of 395516?
1
What is the ten thousands digit of 158859?
5
What is the millions digit of 4578886?
4
What is the units digit of 687732?
2
What is the hundreds digit of 32434253?
2
What is the hundreds digit of 738610?
6
What is the tens digit of 430451?
5
What is the ten thousands digit of 4032667?
3
What is the tens digit of 352812?
1
What is the tens digit of 319606?
0
What is the units digit of 346051?
1
What is the hundreds digit of 86729?
7
What is the thousands digit of 1308657?
8
What is the hundreds digit of 620995?
9
What is the tens digit of 2448562?
6
What is the millions digit of 2051870?
2
What is the ten thousands digit of 3588443?
8
What is the tens digit of 107243?
4
What is the thousands digit of 1246698?
6
What is the millions digit of 6377800?
6
What is the hundreds digit of 3200847?
8
What is the tens digit of 25131911?
1
What is the ten thousands digit of 630775?
3
What is the ten thousands digit of 1762113?
6
What is the ten thousands digit of 1093750?
9
What is the millions digit of 1620984?
1
What is the hundred thousands digit of 16723821?
7
What is the ten thousands digit of 44389?
4
What is the units digit of 31145235?
5
What is the hundred thousands digit of 3947407?
9
What is the hundred thousands digit of 971296?
9
What is the units digit of 103784?
4
What is the hundred thousands digit of 337413?
3
What is the thousands digit of 4857047?
7
What is the tens digit of 40981082?
8
What is the ten millions digit of 11045224?
1
What is th